2 (base 6) in base 11?
57
Convert -1 (base 10) to base 11.
-1
What is 41 (base 9) in base 13?
2b
3 (base 15) to base 5
3
-11100 (base 2) to base 3
-1001
Convert 6a (base 11) to base 16.
4c
What is -100110 (base 2) in base 3?
-1102
Convert 1 (base 10) to base 15.
1
What is -24 (base 9) in base 11?
-20
10 (base 4) to base 7
4
3 (base 6) to base 13
3
-251 (base 11) to base 10
-298
What is 3 (base 11) in base 9?
3
5 (base 14) to base 8
5
Convert 102 (base 4) to base 11.
17
Convert -a2 (base 15) to base 8.
-230
Convert 3 (base 16) to base 7.
3
Convert -b8 (base 14) to base 3.
-20000
c (base 14) to base 8
14
What is -17 (base 10) in base 3?
-122
Convert -32 (base 11) to base 7.
-50
What is -d (base 15) in base 16?
-d
What is 80 (base 16) in base 10?
128
What is -1 (base 11) in base 13?
-1
27 (base 14) to base 16
23
What is 5 (base 16) in base 7?
5
What is -2 (base 14) in base 15?
-2
What is 0 (base 3) in base 15?
0
What is 10001 (base 3) in base 4?
1102
Convert -54 (base 14) to base 4.
-1022
Convert -1100 (base 2) to base 5.
-22
Convert 33 (base 14) to base 11.
41
Convert 1 (base 9) to base 8.
1
-2 (base 5) to base 12
-2
What is 4 (base 15) in base 6?
4
Convert -10010 (base 2) to base 11.
-17
Convert -16 (base 8) to base 12.
-12
What is -b4 (base 13) in base 6?
-403
0 (base 7) to base 11
0
-c2 (base 16) to base 7
-365
Convert 14 (base 13) to base 14.
13
-10 (base 4) to base 3
-11
Convert -177 (base 10) to base 15.
-bc
Convert -15 (base 15) to base 14.
-16
What is 3 (base 11) in base 8?
3
-35 (base 7) to base 11
-24
Convert -4 (base 8) to base 15.
-4
Convert -7 (base 16) to base 13.
-7
Convert -33 (base 4) to base 14.
-11
Convert -c (base 14) to base 6.
-20
Convert -10 (base 6) to base 5.
-11
Convert 3 (base 9) to base 16.
3
Convert 70 (base 13) to base 4.
1123
What is -33 (base 5) in base 6?
-30
3 (base 5) to base 12
3
What is -24 (base 9) in base 8?
-26
Convert -11 (base 2) to base 16.
-3
What is 13 (base 11) in base 9?
15
What is -14 (base 9) in base 11?
-12
-4 (base 10) to base 2
-100
Convert -6 (base 10) to base 5.
-11
What is 4 (base 15) in base 3?
11
What is -16 (base 14) in base 4?
-110
What is 1122 (base 5) in base 3?
20000
Convert 12 (base 4) to base 15.
6
What is 126 (base 7) in base 6?
153
What is -11a (base 12) in base 13?
-ca
What is 84 (base 11) in base 9?
112
What is -227 (base 10) in base 16?
-e3
What is -228 (base 12) in base 7?
-635
What is -23 (base 10) in base 9?
-25
What is 18 (base 11) in base 10?
19
168 (base 10) to base 16
a8
Convert 223 (base 9) to base 7.
351
Convert -3 (base 10) to base 7.
-3
What is 1 (base 3) in base 10?
1
Convert 138 (base 9) to base 12.
98
What is 28 (base 9) in base 6?
42
61 (base 8) to base 14
37
-16 (base 9) to base 16
-f
1 (base 15) to base 2
1
-10 (base 11) to base 5
-21
Convert -11 (base 4) to base 10.
-5
-131 (base 5) to base 6
-105
Convert 1b (base 14) to base 9.
27
What is -21 (base 8) in base 5?
-32
1100011 (base 2) to base 12
83
Convert -6 (base 10) to base 13.
-6
-18 (base 11) to base 7
-25
Convert c (base 15) to base 7.
15
What is -1 (base 9) in base 2?
-1
What is -3 (base 4) in base 12?
-3
Convert 11 (base 2) to base 15.
3
Convert 11 (base 7) to base 13.
8
51 (base 6) to base 4
133
What is 32 (base 4) in base 16?
e
What is 308 (base 9) in base 15?
11b
-10 (base 6) to base 12
-6
Convert 110 (base 5) to base 2.
11110
What is 1 (base 13) in base 8?
1
a3 (base 16) to base 8
243
What is -14 (base 6) in base 7?
-13
1 (base 14) to base 10
1
-1 (base 14) to base 11
-1
Convert 3 (base 6) to base 13.
3
What is 1 (base 2) in base 12?
1
-635 (base 7) to base 13
-1b8
What is -5 (base 9) in base 3?
-12
Convert 3 (base 12) to base 3.
10
-10 (base 2) to base 14
-2
What is -ad (base 15) in base 7?
-322
Convert -5 (base 16) to base 8.
-5
What is -2 (base 4) in base 16?
-2
10 (base 3) to base 13
3
Convert -116 (base 8) to base 12.
-66
Convert 1013 (base 4) to base 6.
155
What is 11 (base 4) in base 2?
101
What is -21 (base 15) in base 2?
-11111
Convert -3 (base 15) to base 5.
-3
What is -100 (base 4) in base 10?
-16
What is 14 (base 8) in base 3?
110
1110 (base 2) to base 5
24
-20 (base 5) to base 10
-10
What is -30 (base 13) in base 15?
-29
What is -11 (base 11) in base 10?
-12
Convert 4 (base 5) to base 8.
4
What is 5 (base 8) in base 9?
5
0 (base 15) to base 4
0
What is -15 (base 7) in base 5?
-22
Convert 132 (base 9) to base 10.
110
What is 12111 (base 3) in base 9?
174
-20 (base 8) to base 14
-12
What is 7 (base 12) in base 8?
7
4 (base 8) to base 3
11
What is 48 (base 9) in base 16?
2c
Convert 1e (base 15) to base 2.
11101
-5 (base 6) to base 10
-5
What is -1010 (base 2) in base 4?
-22
37 (base 14) to base 6
121
11000 (base 2) to base 8
30
What is -8 (base 13) in base 8?
-10
What is 4 (base 16) in base 2?
100
-74 (base 11) to base 5
-311
Convert 2 (base 6) to base 8.
2
Convert 0 (base 14) to base 6.
0
132 (base 12) to base 15
c2
120 (base 8) to base 11
73
What is 5 (base 11) in base 4?
11
What is 2 (base 7) in base 13?
2
What is -10 (base 2) in base 4?
-2
-154 (base 6) to base 16
-46
2b (base 13) to base 12
31
d (base 15) to base 5
23
Convert -154 (base 7) to base 5.
-323
3 (base 16) to base 13
3
2 (base 16) to base 8
2
1a (base 16) to base 8
32
Convert -40 (base 5) to base 15.
-15
Convert -10 (base 4) to base 10.
-4
Convert b1 (base 13) to base 4.
2100
64 (base 9) to base 15
3d
What is -18 (base 10) in base 4?
-102
What is -43 (base 9) in base 7?
-54
Convert -41 (base 10) to base 2.
-101001
What is 0 (base 10) in base 13?
0
21 (base 4) to base 11
9
Convert 11 (base 3) to base 10.
4
Convert 10 (base 15) to base 12.
13
-43 (base 6) to base 16
-1b
What is -2023 (base 4) in base 11?
-117
24 (base 11) to base 14
1c
Convert 11 (base 7) to base 9.
8
Convert -60 (base 12) to base 7.
-132
What is 21 (base 13) in base 5?
102
What is -4 (base 8) in base 16?
-4
Convert -302 (base 4) to base 10.
-50
11 (base 10) to base 7
14
Convert 1 (base 4) to base 13.
1
2 (base 16) to base 7
2
-9 (base 10) to base 7
-12
What is 4 (base 5) in base 2?
100
1 (base 3) to base 6
1
What is 12 (base 5) in base 3?
21
9c (base 16) to base 13
c0
Convert -434 (base 5) to base 4.
-1313
What is -11 (base 8) in base 13?
-9
What is -4 (base 8) in base 3?
-11
112 (base 11) to base 13
a4
-d (base 14) to base 10
-13
What is 1 (base 3) in base 15?
1
Convert 21 (base 3) to base 8.
7
-56 (base 14) to base 5
-301
-334 (base 6) to base 14
-94
Convert 3 (base 14) to base 5.
3
What is 50 (base 9) in base 14?
33
Convert 5 (base 9) to base 8.
5
Convert 16 (base 7) to base 8.
15
What is -1b (base 12) in base 11?
-21
111 (base 6) to base 13
34
7 (base 11) to base 5
12
-8 (base 12) to base 15
-8
-3 (base 10) to base 14
-3
30 (base 6) to base 7
24
-9 (base 13) to base 5
-14
Convert -362 (base 7) to base 9.
-232
What is 273 (base 10) in base 5?
2043
What is 21221 (base 3) in base 6?
554
Convert 3 (base 5) to base 15.
3
Convert 9 (base 13) to base 4.
21
Convert -32 (base 6) to base 9.
-22
What is -2 (base 15) in base 6?
-2
Convert 11 (base 10) to base 5.
21
-192 (base 11) to base 6
-1010
30 (base 14) to base 15
2c
Convert 4 (base 13) to base 5.
4
What is -135 (base 7) in base 8?
-113
-a (base 12) to base 13
-a
Convert -3 (base 11) to base 8.
-3
Convert 5 (base 6) to base 16.
5
Convert 26 (base 15) to base 9.
40
Convert -2 (base 13) to base 12.
-2
Convert -2 (base 4) to base 10.
-2
62 (base 9) to base 10
56
What is -3 (base 7) in base 6?
-3
Convert -20 (base 4) to base 6.
-12
2 (base 12) to base 9
2
Convert -42 (base 10) to base 14.
-30
-123 (base 8) to base 7
-146
What is 0 (base 13) in base 9?
0
What is 5 (base 6) in base 7?
5
What is 1110000 (base 2) in base 14?
80
What is -100010 (base 2) in base 16?
-22
What is 48 (base 13) in base 14?
44
Convert 64 (base 8) to base 16.
34
What is 10000 (base 2) in base 15?
11
What is -5 (base 14) in base 15?
-5
What is -4 (base 8) in base 12?
-4
Convert 212 (base 3) to base 10.
23
-1 (base 10) to base 5
-1
What is -11 (base 13) in base 2?
-1110
What is 83 (base 9) in base 15?
50
-17 (base 12) to base 2
-10011
4 (base 15) to base 5
4
What is -52 (base 7) in base 14?
-29
What is -11 (base 13) in base 3?
-112
Convert 20 (base 6) to base 13.
c
1 (base 10) to base 15
1
1451 (base 6) to base 14
1dd
Convert 30 (base 4) to